 + 16. Let b be n(-1). Suppose -1058 = -2*y - 4*h, b*y - 1577 = -0*h + 4*h. List the prime factors of y.
17, 31
Let o be ((-204)/153)/(2/(-1152)). Suppose -o*r - 1995 = -773*r. List the prime factors of r.
3, 7, 19
Let s = 4854 + 2714. List the prime factors of s.
2, 11, 43
Suppose 2*r + 0*r + 2 = 2*k, 8 = 2*r. Suppose -k*w = 12*w - 4*w. Suppose 5*j + 49 = 2*d, 5*d - 6*j + 2*j - 114 = w. What are the prime factors of d?
2, 11
Let b = -118 + 128. Suppose -2*j = -b*j + 2912. Suppose -2*o + 56 = -j. List the prime factors of o.
2, 3, 5, 7
Let h = 257 - 813. List the prime factors of (-3 - 44/(-16))*h.
139
Suppose -3*d = r - 186, 0*d = -2*r + 2*d + 396. Let f be -2 + (r - -3)/3. Let w = -34 + f. What are the prime factors of w?
2, 3, 5
Let b = 20436 + -3351. What are the prime factors of b?
3, 5, 17, 67
Suppose 2*x - 108750 = x - 9*x. List the prime factors of x.
3, 5, 29
Suppose -280110 = -38*d - 10614. List the prime factors of d.
2, 3, 197
Suppose 3 = -s + 6, 2*u - 4*s = 640. Let j = u + 155. What are the prime factors of j?
13, 37
Suppose -4*m - 8007 - 4989 = -5*i, -5*i + 12997 = -3*m. List the prime factors of -2 + 1 - i/(-13).
199
Suppose q + 1769*h - 3989 = 1772*h, 0 = -2*q - 3*h + 7951. What are the prime factors of q?
2, 5, 199
Let f be 0 - 27/(1 + (-5)/4). Suppose h + f = 4*o - o, -5*h = -4*o + 529. Let g = h - -197. What are the prime factors of g?
2, 23
Suppose -164*m - 1573931 = -7802159. List the prime factors of m.
3, 12659
Let z = 3873 + -1146. What are the prime factors of z?
3, 101
Let h = -109 + 114. Suppose -5*c + 127 = n, n - h*n + 2*c + 442 = 0. Suppose 14*s - 14 = n. List the prime factors of s.
3
Let z(n) = 72*n**2 + n + 2. Let a be z(2). Let t = 1141 - a. List the prime factors of t.
3, 283
Suppose 7*u - 5*u + 8 = 0. Let o(g) = 3*g**2 - 9*g - 1. List the prime factors of o(u).
83
Suppose 0 = -3*s - 3*g + 5*g + 14885, 2*s - 9925 = 3*g. Suppose 5*r + 6*r = s. What are the prime factors of r?
11, 41
Let u = 181 + -223. What are the prime factors of u/(-4)*528/154?
2, 3
Suppose 348*j = 101*j - 179*j + 7964496. What are the prime factors of j?
2, 3, 19, 41
List the prime factors of (112 - 118) + (41210 - (-3 + 1)).
2, 11, 1873
Suppose -1039*z = -1037*z - 11190. List the prime factors of z.
3, 5, 373
Suppose -14 = m + v, 2*m + 5*v = -0*m - 25. List the prime factors of (-20)/m*-3 + 387.
383
Let p be 1 + 1 + 3/1. Let b(g) = 32*g + p - 2*g - g. List the prime factors of b(3).
2, 23
Let f = -74 - -77. Suppose 0 = -x - 3*j + 132, -2*j + 5*j - 384 = -f*x. What are the prime factors of x?
2, 3, 7
Let p(k) = -153*k + 63. Let a be p(11). Let i = a - -2366. List the prime factors of i.
2, 373
Suppose 2*a - 34798 = -5*o + 6061, -2*a + 40873 = 3*o. What are the prime factors of a?
7, 23, 127
Suppose 15*r - 4*r = -5*r. Suppose r = -0*q - 18*q + 16002. What are the prime factors of q?
7, 127
Let a(f) = -f**3 + 18*f**2 - 15*f + 14. Let h be a(17). Suppose 0 = 38*c - h*c + 1070. What are the prime factors of c?
107
Suppose 25*z - 86697 = 6*z. List the prime factors of z.
3, 13
Let l(s) be the second derivative of -s**5/20 + 3*s**4 + 46*s**3/3 + 24*s**2 - 14*s - 1. What are the prime factors of l(38)?
2, 41
Suppose -128*r + 119*r + 72 = 0. Suppose p = -3, 3*t - 3*p - 2796 = -r*p. List the prime factors of t.
937
Suppose -2*m = 4*f - 79522, 4*m + 283 = 303. List the prime factors of f.
2, 3, 3313
Let p(o) = -2*o**3 - 6*o**2 + o + 13. Let s be -5*(-1 - -2) - 0/2. Let g be p(s). Let x = 48 + g. List the prime factors of x.
2, 3, 13
Suppose -1569945 = 116*u - 4958189. List the prime factors of u.
29209
Suppose -4*y - 52*q + 50*q + 142430 = 0, -178005 = -5*y + 4*q. List the prime factors of y.
5, 7121
Suppose 5*r - 2 + 3 = 2*s, -2*r = 2. Let y = -15115 - -8923. List the prime factors of ((y/6)/6)/(s/1).
2, 43
Let t(m) be the first derivative of -m**4/4 - 3*m**3 + 8*m**2 + 13*m + 13. Let h be t(-11). Let n = -21 + h. What are the prime factors of n?
2, 29
Suppose d + 4*q = 10, 8 = -3*d + 5*d + 2*q. Suppose 3*u - 1722 = 2*i, 0 = d*u - 7*i + 6*i - 1149. List the prime factors of u.
2, 3
Let l(c) = c + 7. Let p be l(-2). Let g(i) = -6*i - 22. Let b be g(p). Let s = 30 - b. List the prime factors of s.
2, 41
Let d = 10 + -9. Let m be (d - 0)/(1 + 20/(-18)). Let r = 53 + m. What are the prime factors of r?
2, 11
Suppose -d + 5488 = -2*f - 845, 3*d + 5*f = 18999. List the prime factors of d.
3, 2111
Let k(i) = 3*i - 9. Let p be k(3). List the prime factors of (-4 + 0 - p) + 0 - -448.
2, 3, 37
Let k = -9 - -9. Suppose k*x = 4*x - 16. Suppose -h - x*h + p = -451, -h - 4*p = -86. What are the prime factors of h?
2, 3, 5
What are the prime factors of (-106891 - 3 - 6)/(-2)?
2, 5, 1069
Let c(n) = -4*n - 29. Let a be c(-6). Let y be ((-2)/a + (-378)/120)*-8. Suppose -2*v + y = -0*v. List the prime factors of v.
11
Suppose 4*w = 58 + 2. Suppose 0 = -14*v + 11*v + w. Let l = v - -36. What are the prime factors of l?
41
Let u be (2 - 2)/((-3)/(-1)). Suppose -3*m + 5*m + 4*m = u. Suppose 2*o - 54 = -m*o. What are the prime factors of o?
3
Suppose 11*z = 14*z - y, -4*z - 4*y = 0. Suppose z = -r + 4*g + 1297, 5*r - 9*r + 5120 = g. What are the prime factors of r?
3, 7, 61
Let x(d) = 351*d**2 + 525*d + 14. What are the prime factors of x(-6)?
2, 5, 19
Suppose 5*l + c - 12888 = 114835, -35 = 5*c. List the prime factors of l.
2, 53, 241
Let z(d) = 2*d - 24. Let t(y) = -4*y + 49. Let j(v) = 3*t(v) + 5*z(v). Let i be (-4)/(-6)*-12 - 4. List the prime factors of j(i).
3, 17
What are the prime factors of 5/(300/353472) - (-4)/5?
2, 3, 491
Let j = 79 + -472. Let c = j + 408. List the prime factors of c.
3, 5
Suppose -4*s + 35 = -5*f, 2*f + f - 5*s = -34. What are the prime factors of f/(-12) - (-3)/((-48)/(-2380))?
149
Let q = -16 + 8. Let h = q - -11. Suppose 5*t = 3*m + m - 327, -h*t - 9 = 0. List the prime factors of m.
2, 3, 13
Suppose -16*z + 39*z = 64331. Suppose 3*i - 3*f - 2307 = 0, 3*i - 2*f - z = -486. List the prime factors of i.
773
Suppose 126622 + 78016 = 62*o - 155706. List the prime factors of o.
2, 1453
Suppose -4*d = 3*d. Suppose 5*v - 2 - 3 = -2*r, -3*v - 3*r + 3 = d. Suppose 4*z - v = 7. What are the prime factors of z?
2
Let v = -404 - -424. Suppose -5*l + v = 0, -16*m = -14*m + 3*l - 1084. List the prime factors of m.
2, 67
Let m be (-16)/12*-3 + -2. Suppose 5*q = 2*r + 477, -5*r + 18 = -m. What are the prime factors of q?
97
Let c be 3*4/(-6) + 4. Suppose 1398 = 5*m - 0*m + 4*x, -c*m = x - 558. List the prime factors of (4 + -5)/((-2)/(m/1)).
139
Suppose -85*n - 531*n = -13*n - 27453384. List the prime factors of n.
2, 3, 7, 271
Suppose 7*k - 13*k = -4056. Suppose 8*n + 1699 = 5*d + 5*n, 0 = 2*d - 3*n - k. What are the prime factors of d?
11, 31
What are the prime factors of -14 - -7 - -6 - -12775?
2, 3, 2129
Let g = -1621 + 6626. What are the prime factors of g?
5, 7, 11, 13
What are the prime factors of 902988/(-144)*24/(-6)?
3, 929
Let d(n) = n**3 - 7*n**2 - 14*n + 9. Let s be d(8). Let r be (-84)/(-35) - (-6)/10. Let t = r - s. What are the prime factors of t?
2, 3, 7
Suppose -3*l - 70*u = -73*u + 12, 0 = -2*l - 5*u + 13. What are the prime factors of (2 + l - -1724) + 222 + -228?
3, 191
Let j(a) = 442*a + 14065. List the prime factors of j(0).
5, 29, 97
Let u = -10400 - -17892. What are the prime factors of u?
2, 1873
Let i(w) = -4607*w - 2492. List the prime factors of i(-8).
2, 11, 71
Let w(a) = a**3 - a**2 - 1934*a - 100. List the prime factors of w(47).
2, 1327
What are the prime factors of (4775/(-15))/(3/(-9))?
5, 191
Suppose 14*y = -2*y. Suppose -5*v + 744 = -v - 3*x, 4*v + 3*x - 744 = y. What are the prime factors of v?
2, 3, 31
Let w(v) = 984*v**3 - 2*v**2 - v + 1. Let r be w(-1). Let h = 35 - r. List the prime factors of h.
1019
Let h(p) = -17*p + 1. Let q be h(-1). Let d = -1775 - -7027. What are the prime factors of d/q - (-2)/9?
2, 73
What are the prime factors of (-17 - -50)/(6/2) + -6 + 82822?
3, 9203
Let o(s) = -s**2 - 62*s + 308. List the prime factors of o(-54).
2, 5, 37
Suppose 3*x + l + 1994 = 0, x + 3*l + 1341 = -x. Let t = -141 - x. List the prime factors of t.
2, 3, 29
Suppose -r - 48 + 0 = -4*s, r + 4*s + 48 = 0. Let c = r + 671. What are the prime factors of c?
7, 89
Suppose -2*j + 7*j - 81929 = 13746. What are the pri